he prime factors of 1445138236.
2, 401, 900959
What are the prime factors of 141764017?
751, 188767
What are the prime factors of 88936328?
2, 13, 251, 3407
What are the prime factors of 93773889?
3, 11, 71, 4447
List the prime factors of 307163583.
3, 1033, 3671
What are the prime factors of 414843565?
5, 67, 149, 8311
What are the prime factors of 120779602?
2, 139, 434459
List the prime factors of 1106133667.
1106133667
List the prime factors of 363209809.
363209809
List the prime factors of 822049764.
2, 3, 281, 243787
What are the prime factors of 347971284?
2, 3, 71, 136139
What are the prime factors of 1737700409?
67, 25935827
List the prime factors of 87578083.
87578083
List the prime factors of 177638512.
2, 11102407
List the prime factors of 56381018.
2, 19, 1483711
What are the prime factors of 45506244?
2, 3, 7, 61, 83, 107
List the prime factors of 415188355.
5, 107, 193, 4021
List the prime factors of 1956673049.
1956673049
List the prime factors of 556496241.
3, 7, 17, 1558813
List the prime factors of 4036482675.
3, 5, 101, 177623
What are the prime factors of 9123906?
2, 3, 11, 138241
What are the prime factors of 4439332064?
2, 19, 29, 73, 3449
List the prime factors of 8885970.
2, 3, 5, 32911
List the prime factors of 66021027.
3, 883, 24923
What are the prime factors of 778587990?
2, 3, 5, 25952933
What are the prime factors of 466240282?
2, 47, 353, 14051
List the prime factors of 84987734.
2, 13, 251443
List the prime factors of 1229245808.
2, 7, 10975409
List the prime factors of 631973286.
2, 3, 7, 238841
What are the prime factors of 257236666?
2, 53, 2426761
What are the prime factors of 98382402?
2, 3, 349, 15661
What are the prime factors of 4126458?
2, 3, 7, 19, 5171
What are the prime factors of 183173490?
2, 3, 5, 19, 107119
List the prime factors of 403188468.
2, 3, 43, 263, 2971
List the prime factors of 28208989.
43, 656023
List the prime factors of 94491517.
94491517
What are the prime factors of 1684915952?
2, 105307247
List the prime factors of 68639698.
2, 109, 179, 1759
List the prime factors of 3145138342.
2, 1572569171
List the prime factors of 133814509.
83, 1612223
What are the prime factors of 488299589?
71, 163, 42193
What are the prime factors of 82977113?
82977113
List the prime factors of 88951222.
2, 41, 1084771
What are the prime factors of 237990487?
7, 211, 269, 599
List the prime factors of 271094991.
3, 90364997
What are the prime factors of 32538616?
2, 11, 43, 8599
List the prime factors of 32693776.
2, 523, 3907
List the prime factors of 77950049.
17, 4585297
What are the prime factors of 475161123?
3, 158387041
What are the prime factors of 1239775653?
3, 31, 281, 47441
What are the prime factors of 31474923?
3, 1013, 10357
List the prime factors of 31395956.
2, 211, 37199
List the prime factors of 1034450863.
157, 6588859
What are the prime factors of 8498182?
2, 7, 11, 139, 397
List the prime factors of 468143965.
5, 53, 1766581
What are the prime factors of 13209888?
2, 3, 37, 3719
List the prime factors of 21389941.
21389941
What are the prime factors of 857843055?
3, 5, 29, 73039
List the prime factors of 905228788.
2, 226307197
List the prime factors of 253984546.
2, 8317, 15269
What are the prime factors of 894522370?
2, 5, 7, 499, 25609
What are the prime factors of 214047242?
2, 73, 1009, 1453
What are the prime factors of 7492922149?
127, 131, 450377
What are the prime factors of 44819565?
3, 5, 7, 17, 211
What are the prime factors of 1459996598?
2, 67, 2621, 4157
What are the prime factors of 34303461?
3, 11434487
List the prime factors of 1087705155.
3, 5, 72513677
List the prime factors of 38218646.
2, 367, 52069
List the prime factors of 988994559.
3, 7, 47094979
List the prime factors of 3294735663.
3, 9043, 121447
List the prime factors of 2475397425.
3, 5, 19, 23, 75527
What are the prime factors of 237157275?
3, 5, 137, 23081
What are the prime factors of 3451663314?
2, 3, 11, 23, 467, 541
What are the prime factors of 31892895?
3, 5, 29, 24439
What are the prime factors of 540846304?
2, 16901447
List the prime factors of 3762139713.
3, 67, 18717113
What are the prime factors of 1061844019?
29, 37, 61, 16223
List the prime factors of 638828932.
2, 7, 307, 74317
List the prime factors of 142018725.
3, 5, 47, 40289
List the prime factors of 892969263.
3, 99218807
List the prime factors of 48998812.
2, 12249703
List the prime factors of 2012193786.
2, 3, 103, 191, 17047
What are the prime factors of 4894040882?
2, 53, 331, 139487
What are the prime factors of 122597891?
13, 9430607
List the prime factors of 1490954650.
2, 5, 29819093
List the prime factors of 4313318673.
3, 443, 3245537
What are the prime factors of 480535126?
2, 240267563
What are the prime factors of 56578397?
17, 137, 1429
List the prime factors of 41491618.
2, 7, 2963687
List the prime factors of 163839854.
2, 41, 53, 37699
List the prime factors of 675200990.
2, 5, 113, 597523
What are the prime factors of 2350407599?
167, 14074297
What are the prime factors of 137285522?
2, 11, 6240251
List the prime factors of 398614131.
3, 44290459
What are the prime factors of 187624647?
3, 7, 992723
List the prime factors of 645980060.
2, 5, 11, 2936273
List the prime factors of 782192579.
7, 23, 353, 13763
What are the prime factors of 260113791?
3, 7, 3257, 3803
What are the prime factors of 6728307344?
2, 11, 38229019
List the prime factors of 2665226023.
31, 113, 760841
List the prime factors of 321993615.
3, 5, 449, 47809
List the prime factors of 2435815165.
5, 7, 17, 4093807
List the prime factors of 4731610835.
5, 7, 135188881
List the prime factors of 186429092.
2, 46607273
List the prime factors of 124123994.
2, 62061997
What are the prime factors of 140918379?
3, 7, 6710399
What are the prime factors of 87004368?
2, 3, 11, 17, 359
What are the prime factors of 2128497064?
2, 109, 2440937
What are the prime factors of 588492128?
2, 7, 17, 29, 73
List the prime factors of 18643963.
13, 347, 4133
What are the prime factors of 2828523096?
2, 3, 7, 5612149
List the prime factors of 4238912386.
2, 21487, 98639
What are the prime factors of 952893626?
2, 476446813
List the prime factors of 643956284.
2, 19, 383, 22123
List the prime factors of 24011444.
2, 6002861
What are the prime factors of 8735176880?
2, 5, 109189711
List the prime factors of 189468646.
2, 19, 229, 21773
What are the prime factors of 1077112341?
3, 3119, 38371
What are the prime factors of 91341835?
5, 13, 19, 73961
What are the prime factors of 38485081?
137, 280913
What are the prime factors of 265376411?
265376411
What are the prime factors of 26066166?
2, 3, 7, 620623
What are the prime factors of 39488983?
39488983
List the prime factors of 36493063.
37, 131, 7529
What are the prime factors of 45103953?
3, 15034651
List the prime factors of 49499152.
2, 787, 3931
List the prime factors of 544332235.
5, 19, 509, 11257
List the prime factors of 2174394036.
2, 3, 181199503
What are the prime factors of 3083620120?
2, 5, 7, 23, 478823
List the prime factors of 199258107.
3, 251, 264619
What are the prime factors of 4109583504?
2, 3, 13, 29, 41, 191
What are the prime factors of 2867297427?
3, 106196201
What are the prime factors of 1938531970?
2, 5, 29, 6684593
List the prime factors of 217674306.
2, 3, 83, 367, 397
What are the prime factors of 183246846?
2, 3, 30541141
What are the prime factors of 176424550?
2, 5, 607, 5813
What are the prime factors of 148904650?
2, 5, 37, 80489
What are the prime factors of 80944559?
1181, 68539
What are the prime factors of 115330661?
331, 348431
List the prime factors of 1685055343.
179, 9413717
List the prime factors of 628514422.
2, 23, 227, 2617
What are the prime factors of 16478426?
2, 271, 30403
What are the prime factors of 84278896?
2, 13, 37, 47, 233
List the prime factors of 47168917.
107, 440831
List the prime factors of 1779929150.
2, 5, 35598583
What are the prime factors of 462800424?
2, 3, 103, 187217
List the prime factors of 165948467.
109, 1522463
List the prime factors of 38108143.
38108143
What are the prime factors of 2003737308?
2, 3, 166978109
List the prime factors of 104429001.
3, 71, 490277
What are the prime factors of 1911384116?
2, 19, 25149791
What are the prim